s digit of 196511?
5
What is the millions digit of 1161450?
1
What is the ten thousands digit of 89436?
8
What is the millions digit of 5514296?
5
What is the thousands digit of 573768?
3
What is the units digit of 13997966?
6
What is the millions digit of 10661178?
0
What is the ten millions digit of 27541159?
2
What is the units digit of 440974?
4
What is the units digit of 9113897?
7
What is the hundreds digit of 34332307?
3
What is the hundred thousands digit of 2859139?
8
What is the ten thousands digit of 835976?
3
What is the thousands digit of 6338733?
8
What is the ten thousands digit of 1760842?
6
What is the hundred thousands digit of 236720?
2
What is the ten thousands digit of 951897?
5
What is the thousands digit of 1865608?
5
What is the hundreds digit of 40013?
0
What is the hundreds digit of 16716585?
5
What is the ten millions digit of 20420016?
2
What is the thousands digit of 138453?
8
What is the thousands digit of 5329906?
9
What is the units digit of 472670?
0
What is the thousands digit of 138854?
8
What is the hundred thousands digit of 26066156?
0
What is the hundred thousands digit of 12999778?
9
What is the units digit of 174230?
0
What is the thousands digit of 134459?
4
What is the millions digit of 18175773?
8
What is the ten millions digit of 16853302?
1
What is the thousands digit of 1618845?
8
What is the units digit of 558931?
1
What is the hundreds digit of 12644435?
4
What is the ten thousands digit of 16634?
1
What is the tens digit of 9596598?
9
What is the tens digit of 99365?
6
What is the units digit of 186478?
8
What is the thousands digit of 323616?
3
What is the units digit of 1937493?
3
What is the millions digit of 3462361?
3
What is the tens digit of 253501?
0
What is the hundred thousands digit of 511216?
5
What is the ten thousands digit of 11719772?
1
What is the hundreds digit of 314173?
1
What is the hundreds digit of 740205?
2
What is the hundreds digit of 114586?
5
What is the tens digit of 493152?
5
What is the tens digit of 35588170?
7
What is the hundreds digit of 33145?
1
What is the units digit of 808937?
7
What is the ten thousands digit of 30412198?
1
What is the ten thousands digit of 14094419?
9
What is the units digit of 1144473?
3
What is the tens digit of 852233?
3
What is the hundred thousands digit of 2395459?
3
What is the tens digit of 3122915?
1
What is the units digit of 692797?
7
What is the ten thousands digit of 16585275?
8
What is the ten thousands digit of 3986585?
8
What is the units digit of 651623?
3
What is the hundreds digit of 4794925?
9
What is the tens digit of 5697608?
0
What is the ten thousands digit of 1087766?
8
What is the ten thousands digit of 146343?
4
What is the hundreds digit of 148621?
6
What is the tens digit of 193833?
3
What is the ten thousands digit of 1741278?
4
What is the ten thousands digit of 1921817?
2
What is the ten thousands digit of 427361?
2
What is the hundred thousands digit of 320732?
3
What is the hundreds digit of 5802253?
2
What is the units digit of 328695?
5
What is the hundred thousands digit of 6061333?
0
What is the hundreds digit of 1288060?
0
What is the tens digit of 2005499?
9
What is the ten thousands digit of 2721531?
2
What is the hundreds digit of 11346?
3
What is the hundreds digit of 102663?
6
What is the units digit of 681196?
6
What is the thousands digit of 1036929?
6
What is the tens digit of 843161?
6
What is the hundreds digit of 642254?
2
What is the tens digit of 4487902?
0
What is the units digit of 3726811?
1
What is the millions digit of 9550845?
9
What is the ten thousands digit of 168568?
6
What is the ten thousands digit of 120607?
2
What is the hundreds digit of 3515219?
2
What is the ten thousands digit of 494086?
9
What is the hundreds digit of 6996697?
6
What is the hundred thousands digit of 6621800?
6
What is the tens digit of 1134396?
9
What is the hundred thousands digit of 637149?
6
What is the thousands digit of 1601199?
1
What is the ten millions digit of 17281978?
1
What is the ten millions digit of 20268068?
2
What is the tens digit of 21726?
2
What is the thousands digit of 81447?
1
What is the ten thousands digit of 2621689?
2
What is the thousands digit of 126686?
6
What is the units digit of 75707?
7
What is the tens digit of 7355179?
7
What is the tens digit of 41255?
5
What is the units digit of 956082?
2
What is the thousands digit of 3229742?
9
What is the thousands digit of 4384159?
4
What is the units digit of 15216753?
3
What is the units digit of 37852824?
4
What is the hundred thousands digit of 170774?
1
What is the units digit of 5825764?
4
What is the hundreds digit of 3819127?
1
What is the ten thousands digit of 62320?
6
What is the hundred thousands digit of 332257?
3
What is the units digit of 878773?
3
What is the thousands digit of 199199?
9
What is the hundred thousands digit of 17630796?
6
What is the thousands digit of 58899?
8
What is the tens digit of 4731415?
1
What is the tens digit of 299715?
1
What is the hundred thousands digit of 401220?
4
What is the units digit of 16918439?
9
What is the ten thousands digit of 314880?
1
What is the hundreds digit of 569365?
3
What is the tens digit of 246205?
0
What is the tens digit of 307856?
5
What is the hundred thousands digit of 290292?
2
What is the ten thousands digit of 449483?
4
What is the hundreds digit of 1364431?
4
What is the units digit of 15059905?
5
What is the units digit of 81786?
6
What is the tens digit of 18814161?
6
What is the millions digit of 9005785?
9
What is the ten thousands digit of 7746203?
4
What is the hundreds digit of 518368?
3
What is the hundreds digit of 4481761?
7
What is the millions digit of 1679807?
1
What is the units digit of 2694938?
8
What is the thousands digit of 824550?
4
What is the hundred thousands digit of 4788252?
7
What is the tens digit of 18263?
6
What is the hundred thousands digit of 10996312?
9
What is the hundreds digit of 7114571?
5
What is the hundred thousands digit of 2975832?
9
What is the hundreds digit of 42681?
6
What is the tens digit of 4180564?
6
What is the hundreds digit of 2305117?
1
What is the ten thousands digit of 35308?
3
What is the ten thousands digit of 21484909?
8
What is the hundred thousands digit of 433887?
4
What is the hundred thousands digit of 1869361?
8
What is the millions digit of 2001902?
2
What is the units digit of 18330808?
8
What is the millions digit of 9091459?
9
What is the ten thousands digit of 359231?
5
What is the ten thousands digit of 119844?
1
What is the hundred thousands digit of 8846708?
8
What is the millions digit of 12589960?
2
What is the hundreds digit of 65474?
4
What is the ten thousands digit of 34615743?
1
What is the ten thousands digit of 6132406?
3
What is the hundred thousands digit of 221733?
2
What is the units digit of 6098516?
6
What is the thousands digit of 440498?
0
What is the thousands digit of 204033?
4
What is the units digit of 902354?
4
What is the thousands digit of 563938?
3
What is the tens digit of 719104?
0
What is the thousands digit of 14350849?
0
What is the units digit of 40430?
0
What is the thousands digit of 15866?
5
What is the hundred thousands digit of 105940?
1
What is the hundred thousands digit of 15007739?
0
What is the ten thousands digit of 15845?
1
What is the hundred thousands digit of 2565794?
5
What is the hundred thousands digit of 26129517?
1
What is the hundreds digit of 237504?
5
What is the ten millions digit of 13053770?
1
What is the thousands digit of 91168?
1
What is the hundred thousands digit of 1404627?
4
What is the hundred thousands digit of 2990377?
9
What is the tens digit of 1452348?
4
What is the ten thousands digit of 29608828?
0
What is the units digit of 1526068?
8
What is the ten thousands digit of 29183597?
8
What is the hundreds digit of 12104040?
0
What is the units digit of 742361?
1
What is the hundreds digit of 1077754?
7
What is the tens digit of 34583014?
1
What is the tens digit of 9813839?
3
What is the thousands digit of 2619454?
9
What is the hundreds digit of 10105708?
7
What is the units digit of 3878114?
4
What is the hundreds digit of 151084?
0
What is the tens digit of 146427?
2
What is the ten millions digit o